i**2 + 5*i - 4. Give s(z).
-18
Let a(m) = 5*m**3 + 10*m**2 - 105*m - 7. Let u(v) = 27*v**3 + 49*v**2 - 524*v - 39. Let w(p) = 11*a(p) - 2*u(p). What is w(6)?
7
Suppose -109 = -3*l - 46. Suppose l*x - 22 = 10*x. Let o(y) = 14*y + 1. Determine o(x).
29
Suppose -4*b - 28 = -0*b + o, 5*b + o + 36 = 0. Let f(m) = 2*m + 13. Give f(b).
-3
Let b = 8 + -11. Let f = -269 + 315. Let p(q) = 18 - f + 13 + 5*q + 18. What is p(b)?
-12
Let t(n) = -n + 2. Suppose 100*g + 476 = -64 + 40. Calculate t(g).
7
Let y(o) be the first derivative of 5*o**3/3 + 31*o**2/2 + 5*o + 1933. Give y(-6).
-1
Let w = 51 + -73. Let o(j) be the first derivative of j**2/2 + 19*j + 4954. Calculate o(w).
-3
Suppose -4 = -2*g + f - 0, -4*g - 2*f + 16 = 0. Let t be (1 - (g - 3))*-5. Let r(l) be the second derivative of -l**4/12 - l**3/2 + 5*l**2/2 - 27*l. Give r(t).
-5
Let o(w) = -w + 7. Let k(j) = j - 10. Let q(x) = -5*k(x) - 7*o(x). Let p = 248 - 232. Suppose p*f = 12*f + 20. What is q(f)?
11
Let s(g) = g + 8. Let j = -423 + 86. Let k = -349 - j. Determine s(k).
-4
Let a(i) = -i**3 - 6*i**2 + 1. Let d be -14*(12 - (-276)/(-24)). What is a(d)?
50
Let s be (-3)/4 + 5/((-100)/(-215)). Suppose 4*l = 4*q + 6 - s, 0 = 5*q. Let b(o) = o. Determine b(l).
-1
Let m(q) = 11*q**3 - 6*q**2 + 8*q + 24. Let h(p) = -21*p**3 + 11*p**2 - 14*p - 43. Let t(c) = -5*h(c) - 9*m(c). Calculate t(-1).
-6
Let v(n) = -n**3 - 4*n**2 - 2*n + 6. Suppose -t - 10 = h, -7*t - 5*h - 46 = -3*t. What is v(t)?
14
Let d(s) be the first derivative of -23*s**2/2 + 111*s - 1583. Calculate d(5).
-4
Let c be 4 - (-2)/6*-9. Let w(s) = 6*s**2 + 3*s - 7. Let g(j) = 4*j**2 + 4*j - 9. Let b(i) = -4*g(i) + 5*w(i). Determine b(c).
14
Let t(c) = c - 37. Suppose 108*m - 114*m = -3 + 3. Determine t(m).
-37
Let n = 4742 + -4747. Let f(c) = 12*c + 60. What is f(n)?
0
Let i(m) = 28 - 2 + 13*m + 0 - 13 + 2 + m**2. What is i(-12)?
3
Let p(a) be the third derivative of 7/3*a**3 + 0*a - 1/4*a**4 + 19*a**2 - 4 - 1/60*a**5. Give p(-7).
7
Let v(r) = -r**3 - 3*r**2 - 7*r - 6. Let w be v(-4). Let x = -1425 - -1413. Let a be w*(-3)/36 - 2/x. Let z(s) = -7*s + 4. What is z(a)?
25
Let o(r) = -1 + 15 - 21 + 9*r. Let m be o(1). Let n(i) = 12*i**m - 3*i**2 + 132 - 131. What is n(1)?
10
Let c(d) = -2*d - 19. Suppose -4*o - m - 68 = 0, -9*m + 14*m = -5*o - 70. What is c(o)?
17
Let g(j) = 7*j**2 - 8*j + 17. Let p be g(-5). Let a(m) = 232 + 5*m - p. Give a(2).
10
Let r(z) = -z**2 - z - 1. Let g(k) = -5*k**2 - 2*k - 4. Let p(b) = -g(b) + 4*r(b). Let v = -26 + 23. Let x = 1 + v. Calculate p(x).
8
Let b(l) be the second derivative of l**5/20 - 3*l**4/4 - 23*l**3/6 - l**2/2 + 1364*l. Determine b(11).
-12
Let z(p) = 10*p**2 - p + 4. Let s = 3175 + -3173. Give z(s).
42
Let f be ((14/3)/(18/27))/(-1). Let q(b) = b**3 + 5*b**2 - 14*b - 7. What is q(f)?
-7
Let x(i) be the first derivative of -i**4/12 - 2*i**3 + 2*i**2 - 27*i - 117. Let r(u) be the second derivative of x(u). Determine r(-8).
4
Let c = 5557 - 5568. Let k(n) = n**3 + 10*n**2 - 14*n - 7. Give k(c).
26
Let y(i) = -93*i - 8. Let m(w) = 66*w + 6. Let c(h) = 7*m(h) + 5*y(h). Let k(t) = t - 11. Let p be k(7). Determine c(p).
14
Let a(p) = -p - 3. Let l be a(-7). Let d(z) be the first derivative of 2*z**3/3 - 2*z**2 + 4*z + 731. What is d(l)?
20
Suppose -4*d + 4 = 0, 1617*c - 1612*c - 3*d = 62. Let m(f) = -f**2 + 18*f - 69. Determine m(c).
-4
Let f(m) = m**3 + 34*m**2 + 35*m + 70. Let z be f(-33). Let n(b) = -b**3 + 6*b**2 - 7*b + 4. Let k be n(z). Let x(l) = -2*l + 2. What is x(k)?
-14
Let g(p) = -p**3 - p**2 + 3*p - 2. Let q(k) = 3*k**2 - k - 23. Let h be q(-6). Let f = -104 + h. Let s = -11 - f. Determine g(s).
-8
Let y(r) = 305*r - 1224. Suppose 4*b + 434 = 4*a + 438, 5*a - 27 = -3*b. Determine y(b).
-4
Let f(l) be the first derivative of l**4/4 + 3*l**3 + l**2 - 14*l - 16. Let o be f(-6). Let i(y) = 6*y - 81*y**2 + 0 + 3 + o*y**2. Calculate i(-6).
3
Let c(j) = -j**3 + 6*j**2 - j + 10. Let u be c(6). Let v(d) = -d**2 - 6*d - 2. Let n be v(-5). Let q(m) = n*m - u*m + 2*m - 2*m + 4. Determine q(0).
4
Let v(y) = 2*y**3 + 2*y**2. Let p(a) = 3*a**3 - 19*a**2 + 22*a - 34. Let k(n) = p(n) - 2*v(n). Calculate k(-24).
14
Let k(p) = p**2 - p - 44. Let o be k(-7). Let m(b) = -2*b**2 + 16*b + 89. Calculate m(o).
-7
Let q(k) be the second derivative of k**4/12 - 4*k**3/3 + 15*k**2/2 - k - 4. Suppose 13*p = 45*p - 192. What is q(p)?
3
Let w = 14224 + -14222. Let s(v) = v**3 - v**2 - 7*v + 7. Calculate s(w).
-3
Let f = 236 - 232. Suppose -f*h + h = -3. Let t(s) be the third derivative of s**5/30 + s**4/24 + 3*s**2. Give t(h).
3
Let r(a) be the second derivative of a**5/20 + 5*a**4/12 - a**3/2 - 7*a**2/2 + 2*a + 188. Determine r(-6).
-25
Let i(d) = d + 0*d + 5*d + 6 - 13*d + 6*d. Let m = 20 - 20. Give i(m).
6
Let q(v) = -35*v**3 - 6*v**2 + 17*v - 2. Let d(x) = 26*x**3 + 2*x**2 - 15*x + 3. Let m(k) = 4*d(k) + 3*q(k). Let u be 2*2/(8/(-18)). Give m(u).
6
Let l(n) = -13*n**3 - 5*n**2 + 3*n + 3. Suppose -13*f = 35*f - 28*f - 40. What is l(f)?
-115
Suppose -129*o - 155 = -160*o. Let j(h) = 2*h**2 - 7. Determine j(o).
43
Let l = 4801 - 4788. Let v(x) = -x**2 + 8*x + 57. Determine v(l).
-8
Let l(v) = -v**2 + 24*v - 44. Let h(b) = 2*b**2 - 45*b + 88. Let a(z) = -8*h(z) - 15*l(z). Give a(0).
-44
Let j(m) = -214*m - 15617. Let b be j(-73). Let k(a) be the second derivative of -a**5/20 + a**4/4 + a**3/6 + a**2/2 + a. Give k(b).
-44
Let p = 10 - 9. Let x(l) = -551*l + 276*l - 3 + 277*l. Let b(m) = -5*m + 8. Let u(w) = 4*b(w) + 11*x(w). Calculate u(p).
1
Let t(j) be the second derivative of 0*j**2 + 1/6*j**3 + 0 - 14*j. Determine t(5).
5
Let v(z) = -4*z + 14. Suppose -19*k + 16*k = -321. Let g = -102 + k. Calculate v(g).
-6
Suppose 3*f - 11 = -r, -5*f + r = -0*r - 13. Let l(o) be the third derivative of o**5/60 - o**4/8 - 2*o**3/3 + 736*o**2. Give l(f).
-4
Suppose 1965*a = -2378*a + 22155 + 3903. Let d(q) = -2*q**2 + 6 - 5*q**2 + 6*q - 3*q + q**3. Give d(a).
-12
Let q(l) be the second derivative of -l**4/12 - 13*l**3/6 - 7*l**2 - 89*l - 44. Suppose -f - 3*a - 5 = 0, 2*f + 3*a - 2*a + 20 = 0. What is q(f)?
8
Let l(m) = 42*m - 20 + m + 15 + 5. Calculate l(-1).
-43
Let r(k) = -k**3 + 9*k**2 - 10*k - 1. Let o be 11 + (-4)/14 + (-48)/(-21). Suppose -3*u - o = -2*q - 4*u, 18 = 3*q + 2*u. Calculate r(q).
-17
Let v(p) = -27*p. Let f(z) = 16*z + 78. Let t be f(0). Let c = t - 79. Give v(c).
27
Suppose -t = -4*i + 22, -32*i + 3*t = -31*i - 11. Let w(d) = d. Let g(m) = -m**2 + 8. Let y(f) = g(f) + 2*w(f). What is y(i)?
-7
Suppose 6*d = 34*d - 224. Let k(a) = 173 - 88 - 89 + d*a. What is k(5)?
36
Let c(s) = 6*s**2 - 334*s - 114. Let v be c(56). Let r(n) = -4*n - 13. Determine r(v).
-5
Suppose -q + 0 = -3. Let o(m) = -2*m**2 + 4*m + 6 - 8 - 2*m**3 + m**3 + 2*m**q. Let w(z) = 15*z - 88. Let c be w(6). What is o(c)?
6
Let g(l) = -3*l**3 - 6*l**2 - 3*l - 5. Let j(i) = -i**3 - i. Let q(r) = g(r) - 4*j(r). Let b = 13544 - 13538. Calculate q(b).
1
Let j = -7978 + 7984. Let w(r) = -r**3 + 8*r**2 - 11*r - 2. Determine w(j).
4
Suppose 11*f + 3*j - 14 = 7*f, 2*f = 2*j. Let u(m) = 5*m + 3. Determine u(f).
13
Suppose p = -0*p - 2. Let q(i) = 29*i - 196. Let k(j) = -25*j + 168. Let r(z) = 7*k(z) + 6*q(z). Determine r(p).
2
Let h(c) = -3*c - 4. Suppose 0 = 9*j - 2*j - 210. Suppose 2*b + j = 8*b. What is h(b)?
-19
Suppose 10*w + 231 = 51. Let v be (-30)/w*9/15. Let x(y) = -2 - 4*y - 2 + 3. What is x(v)?
-5
Let q(a) = -2*a**2 + 34*a - 27. Let x = -1190 + 1206. What is q(x)?
5
Let k = 2911 + -2911. Let q(l) be the second derivative of -l**5/20 - l**4/6 - l**3/6 - 4*l**2 - 10*l. Calculate q(k).
-8
Let r(u) = 26*u**2 - 5*u + 5. Suppose -96 - 244 + 55 = -285*h. Calculate r(h).
26
Let c(p) = -7*p**3 - 4*p**2 + 5*p + 69. Let v(o) = o**3 - o**2 - o + 1. Let z(x) = c(x) + 6*v(x). Let f be z(-9). Let m(b) = -3*b**2 - 4*b + 3. Give m(f).
-36
Let k be ((-124)/(-6))/((-11 - 1)/(-36)). Let b(l) = k + 57 + 5*l - 132. What is b(4)?
7
Let u(a) = -a**2 + 17*a - 29. Suppose -1070 + 165 = -109*t + 512. Calculate u(t).
23
Suppose m - 3*i - 1 = 8, -m = -4*i - 14. Let s(k) = -100*k - 8 + 99*k + 2. Give s(m).
0
Let z(o) be the first derivative of 1/3*o**3 - o - 31 + 1/2*o**2. Let q(n) = n**2 - 3*n - 5. Let u(p) = q(p) - 2*z(p). Give u(-5).
-3
Let m(r) = -r**2 - 11*r - 23. Let w be 2